09663132 even?
True
Does 981 divide 1050708879?
True
Is 26 a factor of 216506944?
False
Is 537 a factor of 671591411?
False
Does 2434 divide 229813291?
False
Is 323 a factor of 22382822?
False
Is 745098779 a multiple of 140?
False
Is 2 a factor of 9525439?
False
Does 324 divide 80560008?
True
Does 5 divide 11384135?
True
Is 39 a factor of 25464860?
False
Does 664 divide 50864392?
True
Is 795 a factor of 243818211?
False
Does 1712 divide 65829824?
True
Is 32677974 a multiple of 8?
False
Does 23 divide 5553688134?
False
Does 115 divide 372853061?
False
Does 9 divide 857834568?
True
Does 760 divide 62175600?
True
Does 399 divide 4747508442?
False
Does 32 divide 11657035?
False
Is 2872711 a multiple of 1761?
False
Does 19 divide 5815900?
True
Is 140 a factor of 12926524?
False
Is 176 a factor of 148090448?
True
Is 33 a factor of 656575171?
False
Does 36 divide 34399678?
False
Does 9 divide 108102213?
True
Is 30 a factor of 67675312?
False
Is 1079998526 a multiple of 1574?
True
Is 19 a factor of 4830766017?
True
Is 611 a factor of 2266574000?
False
Is 33277398 a multiple of 323?
True
Is 27 a factor of 38557620?
True
Is 3710 a factor of 196288381?
False
Is 48 a factor of 22743360?
True
Is 413400745 a multiple of 41?
True
Is 41832449 a multiple of 83?
False
Does 115 divide 59952835?
True
Does 7 divide 19565609?
True
Is 312 a factor of 6115120?
False
Is 1959015957 a multiple of 1083?
True
Is 12907925 a multiple of 2447?
True
Is 58 a factor of 129990201?
False
Does 213 divide 103860717?
True
Is 1781 a factor of 376432160?
True
Is 1908495181 a multiple of 1338?
False
Is 57392537 a multiple of 1575?
False
Does 2675 divide 66995375?
True
Is 48 a factor of 33776544?
True
Is 234389297 a multiple of 12?
False
Does 231 divide 1087547769?
True
Is 391935000 a multiple of 265?
True
Is 28463954 a multiple of 649?
False
Is 504 a factor of 48947425?
False
Is 1526 a factor of 288150625?
False
Is 50 a factor of 2381166103?
False
Does 26 divide 2524602782?
True
Is 21 a factor of 739194?
False
Does 11 divide 30695038?
True
Is 292731741 a multiple of 239?
True
Is 191 a factor of 42943294?
True
Is 12 a factor of 308640288?
True
Is 16814700 a multiple of 3060?
True
Is 26234581 a multiple of 681?
False
Is 73 a factor of 12522639?
True
Does 2529 divide 62280354?
False
Does 40 divide 658539120?
True
Is 110127762 a multiple of 999?
True
Is 20 a factor of 145674340?
True
Is 1460668 a multiple of 22?
True
Is 40 a factor of 87965160?
True
Is 2524042026 a multiple of 431?
True
Is 47 a factor of 2137927812?
False
Is 45716803 a multiple of 13?
False
Is 197810976 a multiple of 44?
True
Is 2346398419 a multiple of 1117?
False
Is 28381689 a multiple of 3?
True
Does 235 divide 2496712380?
True
Is 3312 a factor of 282387744?
True
Is 45812320 a multiple of 23?
True
Is 285957800 a multiple of 20?
True
Does 383 divide 1293427116?
False
Is 39 a factor of 656960598?
False
Is 1498750800 a multiple of 6?
True
Is 3519846334 a multiple of 37?
True
Is 957 a factor of 12703218?
True
Is 1905745 a multiple of 5?
True
Is 114719048 a multiple of 12?
False
Is 124 a factor of 530149228?
True
Is 461 a factor of 14740936?
True
Is 37 a factor of 6214039?
True
Is 403230035 a multiple of 6?
False
Does 5305 divide 2356588916?
False
Does 76 divide 200966116?
True
Is 2551 a factor of 90073259?
True
Is 374 a factor of 188632983?
False
Does 17 divide 577782706?
True
Is 38 a factor of 12788254?
True
Is 4003884972 a multiple of 1548?
True
Does 4564 divide 347427799?
False
Is 37619328 a multiple of 24?
True
Does 83 divide 29745042?
True
Is 2203875648 a multiple of 702?
True
Is 7706 a factor of 566360176?
True
Is 436664190 a multiple of 390?
False
Does 331 divide 16180935?
True
Is 18119340 a multiple of 8?
False
Does 161 divide 2202919?
False
Does 2 divide 105218722?
True
Is 521147872 a multiple of 8?
True
Does 5239 divide 1290554304?
True
Is 367 a factor of 12045263?
False
Is 142532528 a multiple of 995?
False
Does 13 divide 122550672?
False
Is 781419144 a multiple of 942?
True
Is 24740166 a multiple of 479?
False
Is 15 a factor of 77285685?
True
Is 2371408 a multiple of 14?
False
Does 12 divide 6753045?
False
Is 107 a factor of 709113396?
True
Is 2009 a factor of 82654366?
False
Is 6 a factor of 235340547?
False
Is 30609469 a multiple of 458?
False
Does 12 divide 10874274?
False
Does 1172 divide 2379446580?
False
Does 73 divide 562607879?
False
Is 43 a factor of 3863625428?
False
Is 2109 a factor of 17656022?
False
Does 3 divide 5486376?
True
Is 4761478 a multiple of 297?
False
Does 24 divide 93100272?
True
Is 67197581 a multiple of 42?
False
Is 187 a factor of 196492868?
True
Is 33 a factor of 22145176?
False
Is 23744798 a multiple of 847?
True
Does 35 divide 148864133?
False
Does 8 divide 3088882?
False
Is 184876570 a multiple of 397?
False
Does 1089 divide 590910362?
False
Does 5 divide 16927272?
False
Does 7 divide 1656595925?
False
Is 132 a factor of 135631584?
True
Is 15 a factor of 21497535?
True
Is 416 a factor of 168332320?
True
Does 20 divide 4926963152?
False
Does 98 divide 208507740?
True
Is 42 a factor of 10123279?
False
Is 145 a factor of 42275475?
True
Is 177 a factor of 12317253?
True
Does 3702 divide 2963206668?
True
Is 116163481 a multiple of 659?
False
Is 383439949 a multiple of 2863?
False
Is 529 a factor of 17616012?
False
Is 668 a factor of 56338452?
True
Is 489 a factor of 1548102117?
True
Does 2259 divide 1316685139?
False
Is 8819996 a multiple of 7?
False
Is 101219064 a multiple of 16?
False
Is 18055125 a multiple of 75?
True
Is 466576 a multiple of 16?
True
Is 4 a factor of 93045347?
False
Does 1561 divide 272547478?
True
Is 11 a factor of 4459909?
False
Is 193791840 a multiple of 32?
True
Does 107 divide 6363932?
True
Does 150 divide 93311737?
False
Does 2061 divide 158643414?
True
Does 19 divide 2065390212?
True
Is 99031213 a multiple of 95?
False
Does 51 divide 337604088?
True
Is 127512438 a multiple of 211?
False
Does 42 divide 30928082?
False
Is 14 a factor of 3473895?
False
Is 2391718628 a multiple of 614?
False
Is 2873986136 a multiple of 24?
False
Is 1343 a factor of 501748829?
True
Does 1510 divide 153537202?
False
Is 109594141 a multiple of 536?
False
Does 1326 divide 2588050646?
False
Does 45 divide 709192589?
False
Does 4180 divide 83846620?
True
Does 567 divide 11491956?
True
Is 2109 a factor of 40378914?
True
Does 726 divide 1201327180?
False
Is 1008698634 a multiple of 1231?
True
Is 4834672340 a multiple of 4985?
True
Is 591 a factor of 2865759?
True
Is 1020 a factor of 218312640?
True
Is 4 a factor of 29904408?
True
Is 199607097 a multiple of 691?
True
Is 3825225711 a multiple of 12?
False
Is 1704919045 a multiple of 741?
False
Does 329 divide 15968673?
True
Does 6053 divide 1176255278?
True
Is 1136699901 a multiple of 2?
False
Does 25 divide 69823775?
True
Is 53127815 a multiple of 13?
True
Is 1475382 a multiple of 33?
False
Is 2713 a factor of 488564013?
False
Does 3303 divide 123512382?
True
Does 3264 divide 164322816?
True
Does 21 divide 172247691?
True
Is 941557164 a multiple of 138?
True
Is 451 a factor of 23789234?
False
Is 29392916 a multiple of 19?
False
Is 99446815 a multiple of 5?
True
Is 195782689 a multiple of 8?
False
Does 15 divide 1844170789?
False
Is 13033121 a multiple of 928?
False
Is 72125235 a multiple of 405?
True
Is 14 a factor of 3625936762?
True
Is 102996773 a multiple of 38?
False
Is 145658241 a multiple of 784?
False
Does 61 divide 12685438?
True
Is 31 a factor of 25973009?
True
Is 220591556 a multiple of 426?
False
Is 154 a factor of 241674510?
True
Is 174276046 a multiple of 660?
False
Does 34 divide 10680126?
False
Is 15785158 a multiple of 6?
False
Is 25 a factor of 39973685?
False
Is 9034918 a multiple of 16?
False
Does 373 divide 3709945282?
True
Does 11 divide 50484291?
True
Does 92 divide 23488520?
True
Is 875203945 a multiple of 2285?
False
Does 1065 divide 1627388160?
True
Is 752390769 a multiple of 663?
False
Is 2412034288 a multiple of 184?
True
Is 1991 a factor of 506390352?
False
Is 198741815 a multiple of 2815?
True
Is 557172605 a multiple of 951?
False
Does 8 divide 125655109?
False
Is 339801 a multiple of 7?
True
Is 512 a factor of 160254976?
True
Does 8 divide 3809596561?
False
Is 1020 a factor of 45850020?
True
Is 6 a facto